{"id":1708,"date":"2025-04-18T07:35:37","date_gmt":"2025-04-18T07:35:37","guid":{"rendered":"https:\/\/garant.vn\/?product=den-pin-led-kem-pin-loai-140mm"},"modified":"2025-04-18T07:35:37","modified_gmt":"2025-04-18T07:35:37","slug":"den-pin-led-kem-pin-loai-140mm","status":"publish","type":"product","link":"https:\/\/garant.vn\/?product=den-pin-led-kem-pin-loai-140mm","title":{"rendered":"\u0110\u00e8n Pin LED k\u00e8m Pin, Lo\u1ea1i: 140mm"},"content":{"rendered":"<div style=\"color: #555;\"><b>Phi\u00ean b\u1ea3n:<\/b> \u0110\u00e8n pin LED tu\u1ed5i th\u1ecd cao v\u00e0 r\u1ea5t ch\u1eafc ch\u1eafn b\u1eb1ng nh\u00f4m anot h\u00f3a. C\u00f4ng ngh\u1ec7 LED v\u1edbi c\u00f4ng su\u1ea5t chi\u1ebfu s\u00e1ng v\u01b0\u1ee3t tr\u1ed9i. Ch\u00f9m tia s\u00e1ng t\u1eadp trung v\u1edbi \u00edt hao h\u1ee5t t\u00e1n x\u1ea1. Hi\u1ec7u qu\u1ea3 n\u0103ng l\u01b0\u1ee3ng cao cho th\u1eddi gian chi\u1ebfu s\u00e1ng d\u00e0i. V\u00f2ng ph\u00e1t s\u00e1ng, d\u1ec5 t\u00ecm th\u1ea5y trong b\u00f3ng t\u1ed1i. Ch\u1ed1ng n\u01b0\u1edbc b\u1eafn, c\u1ea5p b\u1ea3o v\u1ec7 IP54. C\u00f4ng t\u1eafc \u1edf ph\u00eda sau.<\/div>\n<div style=\"padding: 5px; color: #555;\"><b>Ch\u1ee9c n\u0103ng:<\/b><\/div>\n<div style=\"padding-left: 20px; color: #555;\">IP54: Ch\u1ed1ng n\u01b0\u1edbc b\u1eafn t\u1eeb m\u1ecdi h\u01b0\u1edbng v\u00e0 ch\u1ed1ng b\u1ee5i x\u00e2m nh\u1eadp v\u00e0o b\u00ean trong (ch\u1ed1ng b\u1ee5i), c\u0169ng \u0111\u01b0\u1ee3c b\u1ea3o v\u1ec7 ho\u00e0n to\u00e0n kh\u1ecfi ti\u1ebfp x\u00fac.<\/div>\n<div style=\"padding: 5px; color: #555;\"><b>\u0110\u01b0\u1ee3c cung c\u1ea5p k\u00e8m theo:<\/b><\/div>\n<div style=\"padding-left: 20px; color: #555;\">Bao g\u1ed3m pin s\u1ed1 081559 LR3.<\/div>\n<div style=\"padding: 5px; color: #555;\"><b>L\u01b0u \u00fd:<\/b><\/div>\n<div style=\"padding-left: 20px; color: #555;\">Xem pin ph\u00f9 h\u1ee3p s\u1ed1 081551 ff.<\/div>\n<div style=\"padding: 5px; color: #555;\"><b>Th\u00f4ng s\u1ed1 k\u1ef9 thu\u1eadt:<\/b><\/div>\n<div style=\"padding-left: 20px; color: #555;\">Ch\u1ec9 s\u1ed1 b\u1ea3o v\u1ec7 IP: IP 54<\/div>\n<div style=\"padding-left: 20px; color: #555;\">\u0110\u1ed9 chi\u1ebfu s\u00e1ng: 35 lm<\/div>\n<div style=\"padding-left: 20px; color: #555;\">Th\u1eddi gian chi\u1ebfu s\u00e1ng: 10 gi\u1edd<\/div>\n<div style=\"padding-left: 20px; color: #555;\">Ngu\u1ed3n \u0111i\u1ec7n: Pin<\/div>\n<div style=\"padding-left: 20px; color: #555;\">S\u1ed1 l\u01b0\u1ee3ng pin ch\u1ee9a: 2<\/div>\n<div style=\"padding-left: 20px; color: #555;\">Lo\u1ea1i pin: Micro, AAA<\/div>\n<div style=\"padding-left: 20px; color: #555;\">Chi\u1ec1u d\u00e0i t\u1ed5ng th\u1ec3: 140 mm<\/div>\n<div style=\"padding-left: 20px; color: #555;\">\u0110\u1ea7u \u2300: 16 mm<\/div>\n<div style=\"padding-left: 20px; color: #555;\">Tr\u1ecdng l\u01b0\u1ee3ng: 54 g<\/div>\n<div style=\"padding-left: 20px; color: #555;\">Lo\u1ea1i s\u1ea3n ph\u1ea9m: \u0110\u00e8n pin<\/div>\n<div style=\"padding-left: 20px; color: #555;\">M\u00e3 s\u1ea3n ph\u1ea9m: 081505 140<\/div>\n<div style=\"padding-left: 20px; color: #555;\">EAN \/ GTIN: 4045197488367<\/div>\n<div style=\"padding-left: 20px; color: #555;\">M\u00e3 nh\u00e0 s\u1ea3n xu\u1ea5t: 081505 140<\/div>\n<div style=\"padding-left: 20px; color: #555;\">Nh\u00e0 s\u1ea3n xu\u1ea5t: Hoffmann Supply Chain GmbH &#038; Co. KG, Poststra\u00dfe 15, 90471 N\u00fcrnberg, Germany, www.hoffmann-group.com<\/div>\n<p><strong>\ud83d\udcc4 Datasheet:<\/strong> <iframe src=\"https:\/\/cdn.hoffmann-group.com\/dsh\/en-GB\/dsh_en-gb_3474.pdf\" width=\"100%\" height=\"600px\" style=\"border:1px solid #ccc;\"><\/iframe><\/p>\n","protected":false},"excerpt":{"rendered":"<p>Phi\u00ean b\u1ea3n: \u0110\u00e8n pin LED tu\u1ed5i th\u1ecd cao v\u00e0 r\u1ea5t ch\u1eafc ch\u1eafn b\u1eb1ng nh\u00f4m anot h\u00f3a. C\u00f4ng ngh\u1ec7 LED v\u1edbi [&hellip;]<\/p>\n","protected":false},"featured_media":1709,"comment_status":"open","ping_status":"closed","template":"","meta":{"site-sidebar-layout":"default","site-content-layout":"","ast-site-content-layout":"","site-content-style":"default","site-sidebar-style":"default","ast-global-header-display":"","ast-banner-title-visibility":"","ast-main-header-display":"","ast-hfb-above-header-display":"","ast-hfb-below-header-display":"","ast-hfb-mobile-header-display":"","site-post-title":"","ast-breadcrumbs-content":"","ast-featured-img":"","footer-sml-layout":"","theme-transparent-header-meta":"","adv-header-id-meta":"","stick-header-meta":"","header-above-stick-meta":"","header-main-stick-meta":"","header-below-stick-meta":"","astra-migrate-meta-layouts":"default","ast-page-background-enabled":"default","ast-page-background-meta":{"desktop":{"background-color":"var(--ast-global-color-5)","background-image":"","background-repeat":"repeat","background-position":"center center","background-size":"auto","background-attachment":"scroll","background-type":"","background-media":"","overlay-type":"","overlay-color":"","overlay-opacity":"","overlay-gradient":""},"tablet":{"background-color":"","background-image":"","background-repeat":"repeat","background-position":"center center","background-size":"auto","background-attachment":"scroll","background-type":"","background-media":"","overlay-type":"","overlay-color":"","overlay-opacity":"","overlay-gradient":""},"mobile":{"background-color":"","background-image":"","background-repeat":"repeat","background-position":"center center","background-size":"auto","background-attachment":"scroll","background-type":"","background-media":"","overlay-type":"","overlay-color":"","overlay-opacity":"","overlay-gradient":""}},"ast-content-background-meta":{"desktop":{"background-color":"var(--ast-global-color-4)","background-image":"","background-repeat":"repeat","background-position":"center center","background-size":"auto","background-attachment":"scroll","background-type":"","background-media":"","overlay-type":"","overlay-color":"","overlay-opacity":"","overlay-gradient":""},"tablet":{"background-color":"var(--ast-global-color-4)","background-image":"","background-repeat":"repeat","background-position":"center center","background-size":"auto","background-attachment":"scroll","background-type":"","background-media":"","overlay-type":"","overlay-color":"","overlay-opacity":"","overlay-gradient":""},"mobile":{"background-color":"var(--ast-global-color-4)","background-image":"","background-repeat":"repeat","background-position":"center center","background-size":"auto","background-attachment":"scroll","background-type":"","background-media":"","overlay-type":"","overlay-color":"","overlay-opacity":"","overlay-gradient":""}}},"product_brand":[],"product_cat":[27],"product_tag":[],"class_list":{"0":"post-1708","1":"product","2":"type-product","3":"status-publish","4":"has-post-thumbnail","6":"product_cat-thiet-bi-nha-may","7":"desktop-align-left","8":"tablet-align-left","9":"mobile-align-left","11":"first","12":"instock","13":"shipping-taxable","14":"purchasable","15":"product-type-simple"},"_links":{"self":[{"href":"https:\/\/garant.vn\/index.php?rest_route=\/wp\/v2\/product\/1708","targetHints":{"allow":["GET"]}}],"collection":[{"href":"https:\/\/garant.vn\/index.php?rest_route=\/wp\/v2\/product"}],"about":[{"href":"https:\/\/garant.vn\/index.php?rest_route=\/wp\/v2\/types\/product"}],"replies":[{"embeddable":true,"href":"https:\/\/garant.vn\/index.php?rest_route=%2Fwp%2Fv2%2Fcomments&post=1708"}],"wp:featuredmedia":[{"embeddable":true,"href":"https:\/\/garant.vn\/index.php?rest_route=\/wp\/v2\/media\/1709"}],"wp:attachment":[{"href":"https:\/\/garant.vn\/index.php?rest_route=%2Fwp%2Fv2%2Fmedia&parent=1708"}],"wp:term":[{"taxonomy":"product_brand","embeddable":true,"href":"https:\/\/garant.vn\/index.php?rest_route=%2Fwp%2Fv2%2Fproduct_brand&post=1708"},{"taxonomy":"product_cat","embeddable":true,"href":"https:\/\/garant.vn\/index.php?rest_route=%2Fwp%2Fv2%2Fproduct_cat&post=1708"},{"taxonomy":"product_tag","embeddable":true,"href":"https:\/\/garant.vn\/index.php?rest_route=%2Fwp%2Fv2%2Fproduct_tag&post=1708"}],"curies":[{"name":"wp","href":"https:\/\/api.w.org\/{rel}","templated":true}]}}