{"id":1710,"date":"2025-04-18T07:35:47","date_gmt":"2025-04-18T07:35:47","guid":{"rendered":"https:\/\/garant.vn\/?product=den-pin-led-kem-pin-loai-125mm"},"modified":"2025-04-18T07:35:47","modified_gmt":"2025-04-18T07:35:47","slug":"den-pin-led-kem-pin-loai-125mm","status":"publish","type":"product","link":"https:\/\/garant.vn\/?product=den-pin-led-kem-pin-loai-125mm","title":{"rendered":"\u0110\u00e8n pin LED k\u00e8m pin, Lo\u1ea1i: 125mm"},"content":{"rendered":"<div style=\"color: #333; font-size: 14px;\"><b>Phi\u00ean b\u1ea3n:<\/b><\/div>\n<div style=\"color: #555; font-size: 12px; padding-left: 10px;\">\u0110\u00e8n pin LED b\u1ec1n v\u00e0 tu\u1ed5i th\u1ecd cao l\u00e0m b\u1eb1ng nh\u00f4m anot h\u00f3a. C\u00f4ng ngh\u1ec7 LED v\u1edbi c\u00f4ng su\u1ea5t chi\u1ebfu s\u00e1ng v\u01b0\u1ee3t tr\u1ed9i. Ch\u00f9m tia s\u00e1ng t\u1eadp trung v\u1edbi \u00edt hao h\u1ee5t do t\u00e1n x\u1ea1. Hi\u1ec7u qu\u1ea3 n\u0103ng l\u01b0\u1ee3ng cao cho th\u1eddi gian chi\u1ebfu s\u00e1ng d\u00e0i. V\u00f2ng ph\u00e1t s\u00e1ng, d\u1ec5 t\u00ecm th\u1ea5y trong b\u00f3ng t\u1ed1i. Ch\u1ed1ng b\u1eafn n\u01b0\u1edbc, c\u1ea5p b\u1ea3o v\u1ec7 IP54. Chi\u1ebfu s\u00e1ng \u0111\u1ed3ng \u0111\u1ec1u th\u00f4ng qua th\u1ea5u k\u00ednh khu\u1ebfch t\u00e1n, c\u00f4ng t\u1eafc b\u1ea5m m\u1ed9t tay \u1edf ph\u00eda tr\u01b0\u1edbc.<\/div>\n<div style=\"color: #333; font-size: 14px; margin-top: 10px;\"><b>Ch\u1ee9c n\u0103ng:<\/b><\/div>\n<div style=\"color: #555; font-size: 12px; padding-left: 10px;\">IP54: B\u1ea3o v\u1ec7 ch\u1ed1ng n\u01b0\u1edbc b\u1eafn t\u1eeb m\u1ecdi h\u01b0\u1edbng v\u00e0 b\u1ea3o v\u1ec7 ch\u1ed1ng b\u1ee5i x\u00e2m nh\u1eadp v\u00e0o b\u00ean trong (b\u1ea3o v\u1ec7 ch\u1ed1ng b\u1ee5i), c\u0169ng \u0111\u01b0\u1ee3c b\u1ea3o v\u1ec7 ho\u00e0n to\u00e0n ch\u1ed1ng ti\u1ebfp x\u00fac.<\/div>\n<div style=\"color: #333; font-size: 14px; margin-top: 10px;\"><b>L\u01b0u \u00fd:<\/b><\/div>\n<div style=\"color: #555; font-size: 12px; padding-left: 10px;\">Xem s\u1ed1 081551 ff \u0111\u1ec3 bi\u1ebft c\u00e1c lo\u1ea1i pin ph\u00f9 h\u1ee3p.<\/div>\n<div style=\"color: #333; font-size: 14px; margin-top: 10px;\"><b>Th\u00f4ng s\u1ed1 k\u1ef9 thu\u1eadt:<\/b><\/div>\n<div style=\"color: #555; font-size: 12px; padding-left: 10px;\">Ch\u1ec9 s\u1ed1 b\u1ea3o v\u1ec7 IP: IP 54<\/div>\n<div style=\"color: #555; font-size: 12px; padding-left: 10px;\">V\u00f9ng ATEX: kh\u00f4ng<\/div>\n<div style=\"color: #555; font-size: 12px; padding-left: 10px;\">\u0110\u1ed9 chi\u1ebfu s\u00e1ng: 100 lm &#8211; 250 lm<\/div>\n<div style=\"color: #555; font-size: 12px; padding-left: 10px;\">Th\u1eddi gian chi\u1ebfu s\u00e1ng: 4 gi\u1edd &#8211; 10 gi\u1edd<\/div>\n<div style=\"color: #555; font-size: 12px; padding-left: 10px;\">Ngu\u1ed3n \u0111i\u1ec7n: Pin<\/div>\n<div style=\"color: #555; font-size: 12px; padding-left: 10px;\">B\u00f3ng \u0111\u00e8n: M\u00f4-\u0111un LED<\/div>\n<div style=\"color: #555; font-size: 12px; padding-left: 10px;\">S\u1ed1 l\u01b0\u1ee3ng pin ch\u1ee9a: 3<\/div>\n<div style=\"color: #555; font-size: 12px; padding-left: 10px;\">Lo\u1ea1i pin: Micro, AAA<\/div>\n<div style=\"color: #555; font-size: 12px; padding-left: 10px;\">Chi\u1ec1u d\u00e0i t\u1ed5ng th\u1ec3: 125 mm<\/div>\n<div style=\"color: #555; font-size: 12px; padding-left: 10px;\">\u0110\u1ea7u \u2300: 29 mm<\/div>\n<div style=\"color: #555; font-size: 12px; padding-left: 10px;\">Tr\u1ecdng l\u01b0\u1ee3ng: 119 g<\/div>\n<div style=\"color: #555; font-size: 12px; padding-left: 10px;\">Lo\u1ea1i s\u1ea3n ph\u1ea9m: \u0110\u00e8n pin<\/div>\n<div style=\"color: #555; font-size: 12px; padding-left: 10px;\">M\u00e3 s\u1ea3n ph\u1ea9m: 081505 125<\/div>\n<div style=\"color: #555; font-size: 12px; padding-left: 10px;\">EAN \/ GTIN: 4062406192662<\/div>\n<div style=\"color: #555; font-size: 12px; padding-left: 10px;\">M\u00e3 nh\u00e0 s\u1ea3n xu\u1ea5t: 081505 125<\/div>\n<div style=\"color: #555; font-size: 12px; padding-left: 10px;\">Nh\u00e0 s\u1ea3n xu\u1ea5t: Hoffmann Supply Chain GmbH &#038; Co. KG, Poststra\u00dfe 15, 90471 N\u00fcrnberg, Germany, www.hoffmann-group.com<\/div>\n<p><strong>\ud83d\udcc4 Datasheet:<\/strong> <iframe src=\"https:\/\/cdn.hoffmann-group.com\/dsh\/en-GB\/dsh_en-gb_1156887.pdf\" width=\"100%\" height=\"600px\" style=\"border:1px solid #ccc;\"><\/iframe><\/p>\n","protected":false},"excerpt":{"rendered":"<p>Phi\u00ean b\u1ea3n: \u0110\u00e8n pin LED b\u1ec1n v\u00e0 tu\u1ed5i th\u1ecd cao l\u00e0m b\u1eb1ng nh\u00f4m anot h\u00f3a. C\u00f4ng ngh\u1ec7 LED v\u1edbi c\u00f4ng [&hellip;]<\/p>\n","protected":false},"featured_media":1711,"comment_status":"open","ping_status":"closed","template":"","meta":{"site-sidebar-layout":"default","site-content-layout":"","ast-site-content-layout":"","site-content-style":"default","site-sidebar-style":"default","ast-global-header-display":"","ast-banner-title-visibility":"","ast-main-header-display":"","ast-hfb-above-header-display":"","ast-hfb-below-header-display":"","ast-hfb-mobile-header-display":"","site-post-title":"","ast-breadcrumbs-content":"","ast-featured-img":"","footer-sml-layout":"","theme-transparent-header-meta":"","adv-header-id-meta":"","stick-header-meta":"","header-above-stick-meta":"","header-main-stick-meta":"","header-below-stick-meta":"","astra-migrate-meta-layouts":"default","ast-page-background-enabled":"default","ast-page-background-meta":{"desktop":{"background-color":"var(--ast-global-color-5)","background-image":"","background-repeat":"repeat","background-position":"center center","background-size":"auto","background-attachment":"scroll","background-type":"","background-media":"","overlay-type":"","overlay-color":"","overlay-opacity":"","overlay-gradient":""},"tablet":{"background-color":"","background-image":"","background-repeat":"repeat","background-position":"center center","background-size":"auto","background-attachment":"scroll","background-type":"","background-media":"","overlay-type":"","overlay-color":"","overlay-opacity":"","overlay-gradient":""},"mobile":{"background-color":"","background-image":"","background-repeat":"repeat","background-position":"center center","background-size":"auto","background-attachment":"scroll","background-type":"","background-media":"","overlay-type":"","overlay-color":"","overlay-opacity":"","overlay-gradient":""}},"ast-content-background-meta":{"desktop":{"background-color":"var(--ast-global-color-4)","background-image":"","background-repeat":"repeat","background-position":"center center","background-size":"auto","background-attachment":"scroll","background-type":"","background-media":"","overlay-type":"","overlay-color":"","overlay-opacity":"","overlay-gradient":""},"tablet":{"background-color":"var(--ast-global-color-4)","background-image":"","background-repeat":"repeat","background-position":"center center","background-size":"auto","background-attachment":"scroll","background-type":"","background-media":"","overlay-type":"","overlay-color":"","overlay-opacity":"","overlay-gradient":""},"mobile":{"background-color":"var(--ast-global-color-4)","background-image":"","background-repeat":"repeat","background-position":"center center","background-size":"auto","background-attachment":"scroll","background-type":"","background-media":"","overlay-type":"","overlay-color":"","overlay-opacity":"","overlay-gradient":""}}},"product_brand":[],"product_cat":[27],"product_tag":[],"class_list":{"0":"post-1710","1":"product","2":"type-product","3":"status-publish","4":"has-post-thumbnail","6":"product_cat-thiet-bi-nha-may","7":"desktop-align-left","8":"tablet-align-left","9":"mobile-align-left","11":"first","12":"instock","13":"shipping-taxable","14":"purchasable","15":"product-type-simple"},"_links":{"self":[{"href":"https:\/\/garant.vn\/index.php?rest_route=\/wp\/v2\/product\/1710","targetHints":{"allow":["GET"]}}],"collection":[{"href":"https:\/\/garant.vn\/index.php?rest_route=\/wp\/v2\/product"}],"about":[{"href":"https:\/\/garant.vn\/index.php?rest_route=\/wp\/v2\/types\/product"}],"replies":[{"embeddable":true,"href":"https:\/\/garant.vn\/index.php?rest_route=%2Fwp%2Fv2%2Fcomments&post=1710"}],"wp:featuredmedia":[{"embeddable":true,"href":"https:\/\/garant.vn\/index.php?rest_route=\/wp\/v2\/media\/1711"}],"wp:attachment":[{"href":"https:\/\/garant.vn\/index.php?rest_route=%2Fwp%2Fv2%2Fmedia&parent=1710"}],"wp:term":[{"taxonomy":"product_brand","embeddable":true,"href":"https:\/\/garant.vn\/index.php?rest_route=%2Fwp%2Fv2%2Fproduct_brand&post=1710"},{"taxonomy":"product_cat","embeddable":true,"href":"https:\/\/garant.vn\/index.php?rest_route=%2Fwp%2Fv2%2Fproduct_cat&post=1710"},{"taxonomy":"product_tag","embeddable":true,"href":"https:\/\/garant.vn\/index.php?rest_route=%2Fwp%2Fv2%2Fproduct_tag&post=1710"}],"curies":[{"name":"wp","href":"https:\/\/api.w.org\/{rel}","templated":true}]}}