{"id":1954,"date":"2025-04-18T08:03:49","date_gmt":"2025-04-18T08:03:49","guid":{"rendered":"https:\/\/garant.vn\/?product=ao-khoac-loft-mau-xanh-dam-co-unisex-3xl"},"modified":"2025-04-18T08:03:49","modified_gmt":"2025-04-18T08:03:49","slug":"ao-khoac-loft-mau-xanh-dam-co-unisex-3xl","status":"publish","type":"product","link":"https:\/\/garant.vn\/?product=ao-khoac-loft-mau-xanh-dam-co-unisex-3xl","title":{"rendered":"\u00c1o kho\u00e1c Loft, m\u00e0u xanh \u0111\u1eadm, c\u1ee1 Unisex: 3XL"},"content":{"rendered":"<div style=\"color: #555;\"><b>Phi\u00ean b\u1ea3n:<\/b><\/div>\n<div style=\"color: #555;\">\u00c1o kho\u00e1c c\u00e1ch nhi\u1ec7t gi\u1eef \u1ea5m b\u1eb1ng ch\u1ea5t li\u1ec7u ngo\u00e0i Ripstop tho\u00e1ng kh\u00ed v\u1edbi l\u1edbp \u0111\u1ec7m d\u1ec5 ch\u0103m s\u00f3c. T\u00edch h\u1ee3p t\u00fai \u0111a n\u0103ng MP3\/iPod b\u00ean trong c\u00f3 kh\u00f3a k\u00e9o. \u0110\u01b0\u1ee3c trang b\u1ecb kh\u00f3a k\u00e9o YKK\u00ae ch\u1ea5t l\u01b0\u1ee3ng cao. Hai t\u00fai b\u00ean h\u00f4ng c\u00f3 kh\u00f3a k\u00e9o. C\u1ed5 tay \u00e1o c\u00f3 \u0111\u01b0\u1eddng may co gi\u00e3n. D\u00e2y thun \u1edf eo. V\u1eadt li\u1ec7u ch\u1ea5t l\u01b0\u1ee3ng cao. Gi\u1eef d\u00e1ng v\u00e0 b\u1ec1n m\u00e0u. Ch\u1ed1ng m\u00e0i m\u00f2n, ngay c\u1ea3 trong \u0111i\u1ec1u ki\u1ec7n kh\u1eafc nghi\u1ec7t.<\/div>\n<div style=\"color: #555;\"><b>Ph\u00f9 h\u1ee3p v\u1edbi:<\/b><\/div>\n<div style=\"color: #555;\">\u00c1o kho\u00e1c GARANT Active No. 090612.<\/div>\n<div style=\"color: #555;\"><b>Th\u00f4ng s\u1ed1 k\u1ef9 thu\u1eadt<\/b><\/div>\n<div style=\"color: #555;\">D\u00f2ng s\u1ea3n ph\u1ea9m: Qu\u1ea7n \u00e1o b\u1ea3o h\u1ed9 lao \u0111\u1ed9ng<\/div>\n<div style=\"color: #555;\">D\u1ecbch v\u1ee5 \u0111\u1eb7c bi\u1ec7t: Ho\u00e0n thi\u1ec7n h\u00e0ng d\u1ec7t<\/div>\n<div style=\"color: #555;\">Gi\u1edbi t\u00ednh: Unisex<\/div>\n<div style=\"color: #555;\">Th\u00e0nh ph\u1ea7n v\u1ea3i: 100% polyester<\/div>\n<div style=\"color: #555;\">Tr\u1ecdng l\u01b0\u1ee3ng v\u1eadt li\u1ec7u \/ m\u1eadt \u0111\u1ed9 v\u1ea3i: 300 g\/m2<\/div>\n<div style=\"color: #555;\">Gi\u1eb7t: Chu tr\u00ecnh gi\u1eb7t \u0111\u1ed3 m\u1ecfng nh\u1eb9 30 \u00b0C<\/div>\n<div style=\"color: #555;\">M\u00e0u s\u1eafc: Xanh \u0111\u1eadm<\/div>\n<div style=\"color: #555;\">C\u1ee1 Unisex: 3XL<\/div>\n<div style=\"color: #555;\">Lo\u1ea1i s\u1ea3n ph\u1ea9m: \u00c1o kho\u00e1c Loft<\/div>\n<div style=\"color: #555;\">M\u00e3 s\u1ea3n ph\u1ea9m: 090608 3XL<\/div>\n<div style=\"color: #555;\">EAN \/ GTIN: 4067263103240<\/div>\n<div style=\"color: #555;\">M\u00e3 nh\u00e0 s\u1ea3n xu\u1ea5t: GARANT 6430-34\/3XL<\/div>\n<div style=\"color: #555;\">Nh\u00e0 s\u1ea3n xu\u1ea5t: Hoffmann Supply Chain GmbH &#038; Co. KG, Poststra\u00dfe 15, 90471 N\u00fcrnberg, Germany, www.hoffmann-group.com<\/div>\n<p><strong>\ud83d\udcc4 Datasheet:<\/strong> <iframe src=\"https:\/\/cdn.hoffmann-group.com\/dsh\/en-GB\/dsh_en-gb_2569602.pdf\" width=\"100%\" height=\"600px\" style=\"border:1px solid #ccc;\"><\/iframe><\/p>\n","protected":false},"excerpt":{"rendered":"<p>Phi\u00ean b\u1ea3n: \u00c1o kho\u00e1c c\u00e1ch nhi\u1ec7t gi\u1eef \u1ea5m b\u1eb1ng ch\u1ea5t li\u1ec7u ngo\u00e0i Ripstop tho\u00e1ng kh\u00ed v\u1edbi l\u1edbp \u0111\u1ec7m d\u1ec5 ch\u0103m [&hellip;]<\/p>\n","protected":false},"featured_media":1955,"comment_status":"open","ping_status":"closed","template":"","meta":{"site-sidebar-layout":"default","site-content-layout":"","ast-site-content-layout":"","site-content-style":"default","site-sidebar-style":"default","ast-global-header-display":"","ast-banner-title-visibility":"","ast-main-header-display":"","ast-hfb-above-header-display":"","ast-hfb-below-header-display":"","ast-hfb-mobile-header-display":"","site-post-title":"","ast-breadcrumbs-content":"","ast-featured-img":"","footer-sml-layout":"","theme-transparent-header-meta":"","adv-header-id-meta":"","stick-header-meta":"","header-above-stick-meta":"","header-main-stick-meta":"","header-below-stick-meta":"","astra-migrate-meta-layouts":"default","ast-page-background-enabled":"default","ast-page-background-meta":{"desktop":{"background-color":"var(--ast-global-color-5)","background-image":"","background-repeat":"repeat","background-position":"center center","background-size":"auto","background-attachment":"scroll","background-type":"","background-media":"","overlay-type":"","overlay-color":"","overlay-opacity":"","overlay-gradient":""},"tablet":{"background-color":"","background-image":"","background-repeat":"repeat","background-position":"center center","background-size":"auto","background-attachment":"scroll","background-type":"","background-media":"","overlay-type":"","overlay-color":"","overlay-opacity":"","overlay-gradient":""},"mobile":{"background-color":"","background-image":"","background-repeat":"repeat","background-position":"center center","background-size":"auto","background-attachment":"scroll","background-type":"","background-media":"","overlay-type":"","overlay-color":"","overlay-opacity":"","overlay-gradient":""}},"ast-content-background-meta":{"desktop":{"background-color":"var(--ast-global-color-4)","background-image":"","background-repeat":"repeat","background-position":"center center","background-size":"auto","background-attachment":"scroll","background-type":"","background-media":"","overlay-type":"","overlay-color":"","overlay-opacity":"","overlay-gradient":""},"tablet":{"background-color":"var(--ast-global-color-4)","background-image":"","background-repeat":"repeat","background-position":"center center","background-size":"auto","background-attachment":"scroll","background-type":"","background-media":"","overlay-type":"","overlay-color":"","overlay-opacity":"","overlay-gradient":""},"mobile":{"background-color":"var(--ast-global-color-4)","background-image":"","background-repeat":"repeat","background-position":"center center","background-size":"auto","background-attachment":"scroll","background-type":"","background-media":"","overlay-type":"","overlay-color":"","overlay-opacity":"","overlay-gradient":""}}},"product_brand":[],"product_cat":[29],"product_tag":[],"class_list":{"0":"post-1954","1":"product","2":"type-product","3":"status-publish","4":"has-post-thumbnail","6":"product_cat-thiet-bi-bao-ho-lao-dong","7":"desktop-align-left","8":"tablet-align-left","9":"mobile-align-left","11":"first","12":"instock","13":"shipping-taxable","14":"purchasable","15":"product-type-simple"},"_links":{"self":[{"href":"https:\/\/garant.vn\/index.php?rest_route=\/wp\/v2\/product\/1954","targetHints":{"allow":["GET"]}}],"collection":[{"href":"https:\/\/garant.vn\/index.php?rest_route=\/wp\/v2\/product"}],"about":[{"href":"https:\/\/garant.vn\/index.php?rest_route=\/wp\/v2\/types\/product"}],"replies":[{"embeddable":true,"href":"https:\/\/garant.vn\/index.php?rest_route=%2Fwp%2Fv2%2Fcomments&post=1954"}],"wp:featuredmedia":[{"embeddable":true,"href":"https:\/\/garant.vn\/index.php?rest_route=\/wp\/v2\/media\/1955"}],"wp:attachment":[{"href":"https:\/\/garant.vn\/index.php?rest_route=%2Fwp%2Fv2%2Fmedia&parent=1954"}],"wp:term":[{"taxonomy":"product_brand","embeddable":true,"href":"https:\/\/garant.vn\/index.php?rest_route=%2Fwp%2Fv2%2Fproduct_brand&post=1954"},{"taxonomy":"product_cat","embeddable":true,"href":"https:\/\/garant.vn\/index.php?rest_route=%2Fwp%2Fv2%2Fproduct_cat&post=1954"},{"taxonomy":"product_tag","embeddable":true,"href":"https:\/\/garant.vn\/index.php?rest_route=%2Fwp%2Fv2%2Fproduct_tag&post=1954"}],"curies":[{"name":"wp","href":"https:\/\/api.w.org\/{rel}","templated":true}]}}