{"id":2226,"date":"2025-04-18T14:09:51","date_gmt":"2025-04-18T14:09:51","guid":{"rendered":"https:\/\/garant.vn\/?product=quan-short-service-xanh-navy-den-co-de-54"},"modified":"2025-04-18T14:09:51","modified_gmt":"2025-04-18T14:09:51","slug":"quan-short-service-xanh-navy-den-co-de-54","status":"publish","type":"product","link":"https:\/\/garant.vn\/?product=quan-short-service-xanh-navy-den-co-de-54","title":{"rendered":"Qu\u1ea7n short Service, xanh navy \/ \u0111en, c\u1ee1 DE: 54"},"content":{"rendered":"<div style=\"color: #555;\"><b>Phi\u00ean b\u1ea3n:<\/b><\/div>\n<div style=\"color: #555;\">Qu\u1ea7n short Service nh\u1eb9 v\u1edbi c\u1ea1p chun co gi\u00e3n t\u1ea1o c\u1ea3m gi\u00e1c tho\u1ea3i m\u00e1i khi m\u1eb7c. C\u1ea1p sau cao l\u00e0m b\u1eb1ng ch\u1ea5t li\u1ec7u co gi\u00e3n. Hai t\u00fai sau. T\u00fai \u0111\u1ef1ng b\u00fat v\u00e0 th\u01b0\u1edbc. T\u00fai c\u00f3 kh\u00f3a k\u00e9o v\u00e0 t\u00fai \u0111\u1ef1ng \u0111i\u1ec7n tho\u1ea1i di \u0111\u1ed9ng. B\u1ed9 s\u01b0u t\u1eadp GARANT Service \u0111\u01b0\u1ee3c l\u00e0m t\u1eeb v\u1ea3i pha co gi\u00e3n v\u1edbi ch\u1ea5t li\u1ec7u co gi\u00e3n XLANCE\u00ae mang l\u1ea1i s\u1ef1 linh ho\u1ea1t cao. \u0110\u01b0\u1eddng c\u1eaft hi\u1ec7n \u0111\u1ea1i v\u00e0 thi\u1ebft k\u1ebf th\u1ec3 thao. C\u1ea3m gi\u00e1c m\u1eb7c d\u1ec5 ch\u1ecbu l\u00e2u d\u00e0i nh\u1edd c\u00e1c mi\u1ebfng ch\u00e8n co gi\u00e3n 4 chi\u1ec1u b\u1eb1ng ch\u1ea5t li\u1ec7u COOLMAX\u00ae \u1edf nh\u1eefng n\u01a1i ch\u1ecbu nhi\u1ec1u l\u1ef1c k\u00e9o v\u00e0 m\u1ed3 h\u00f4i. C\u1ea3m gi\u00e1c d\u1ec5 ch\u1ecbu khi m\u1eb7c c\u1ea3 ng\u00e0y d\u00e0i. \u0110\u1eb7c bi\u1ec7t nh\u1eb9 nh\u1edd s\u1ef1 k\u1ebft h\u1ee3p c\u1ee7a c\u00e1c v\u1eadt li\u1ec7u ch\u1ea5t l\u01b0\u1ee3ng cao \u201cmade in Europe\u201d. \u0110\u1ed9 b\u1ec1n cao nh\u1edd kh\u00f3a k\u00e9o YKK\u00ae k\u00edn. B\u1ec1n m\u00e0u, gi\u1eef d\u00e1ng. Th\u00edch h\u1ee3p cho m\u1ecdi \u1ee9ng d\u1ee5ng c\u00f3 y\u00eau c\u1ea7u v\u1eadn \u0111\u1ed9ng cao, v\u00ed d\u1ee5: cho c\u00f4ng vi\u1ec7c b\u1ea3o tr\u00ec.<\/div>\n<div style=\"color: #555;\"><b>Th\u00f4ng s\u1ed1 k\u1ef9 thu\u1eadt<\/b><\/div>\n<div style=\"color: #555;\">D\u00f2ng s\u1ea3n ph\u1ea9m: Service<\/div>\n<div style=\"color: #555;\">Gi\u1edbi t\u00ednh: Nam<\/div>\n<div style=\"color: #555;\">Th\u00e0nh ph\u1ea7n v\u1ea3i: 32% cotton; 4% elastolefin; 64% polyester<\/div>\n<div style=\"color: #555;\">Tr\u1ecdng l\u01b0\u1ee3ng v\u1eadt li\u1ec7u \/ m\u1eadt \u0111\u1ed9 v\u1ea3i: 220 g\/m2<\/div>\n<div style=\"color: #555;\">Ti\u00eau chu\u1ea9n qu\u1ea7n \u00e1o: Oeko-Tex Standard 100<\/div>\n<div style=\"color: #555;\">Gi\u1eb7t: 60 \u00b0C \u0111\u1ed3 m\u00e0u; Th\u00edch h\u1ee3p cho gi\u1eb7t c\u00f4ng nghi\u1ec7p<\/div>\n<div style=\"color: #555;\">M\u00e0u s\u1eafc: xanh navy \/ \u0111en<\/div>\n<div style=\"color: #555;\">C\u1ee1 qu\u1ea7n \u00e1o DE: 54<\/div>\n<div style=\"color: #555;\">Lo\u1ea1i s\u1ea3n ph\u1ea9m: Qu\u1ea7n short<\/div>\n<div style=\"color: #555;\">M\u00e3 s\u1ea3n ph\u1ea9m: 091053 54<\/div>\n<div style=\"color: #555;\">EAN \/ GTIN: 4067263516873<\/div>\n<div style=\"color: #555;\">M\u00e3 nh\u00e0 s\u1ea3n xu\u1ea5t: 4211-54<\/div>\n<div style=\"color: #555;\">Nh\u00e0 s\u1ea3n xu\u1ea5t: Hoffmann Supply Chain GmbH &#038; Co. KG, Poststra\u00dfe 15, 90471 N\u00fcrnberg, Germany, www.hoffmann-group.com<\/div>\n<p><strong>\ud83d\udcc4 Datasheet:<\/strong> <iframe src=\"https:\/\/cdn.hoffmann-group.com\/dsh\/en-GB\/dsh_en-gb_2940567.pdf\" width=\"100%\" height=\"600px\" style=\"border:1px solid #ccc;\"><\/iframe><\/p>\n","protected":false},"excerpt":{"rendered":"<p>Phi\u00ean b\u1ea3n: Qu\u1ea7n short Service nh\u1eb9 v\u1edbi c\u1ea1p chun co gi\u00e3n t\u1ea1o c\u1ea3m gi\u00e1c tho\u1ea3i m\u00e1i khi m\u1eb7c. C\u1ea1p sau [&hellip;]<\/p>\n","protected":false},"featured_media":2227,"comment_status":"open","ping_status":"closed","template":"","meta":{"site-sidebar-layout":"default","site-content-layout":"","ast-site-content-layout":"","site-content-style":"default","site-sidebar-style":"default","ast-global-header-display":"","ast-banner-title-visibility":"","ast-main-header-display":"","ast-hfb-above-header-display":"","ast-hfb-below-header-display":"","ast-hfb-mobile-header-display":"","site-post-title":"","ast-breadcrumbs-content":"","ast-featured-img":"","footer-sml-layout":"","theme-transparent-header-meta":"","adv-header-id-meta":"","stick-header-meta":"","header-above-stick-meta":"","header-main-stick-meta":"","header-below-stick-meta":"","astra-migrate-meta-layouts":"default","ast-page-background-enabled":"default","ast-page-background-meta":{"desktop":{"background-color":"var(--ast-global-color-5)","background-image":"","background-repeat":"repeat","background-position":"center center","background-size":"auto","background-attachment":"scroll","background-type":"","background-media":"","overlay-type":"","overlay-color":"","overlay-opacity":"","overlay-gradient":""},"tablet":{"background-color":"","background-image":"","background-repeat":"repeat","background-position":"center center","background-size":"auto","background-attachment":"scroll","background-type":"","background-media":"","overlay-type":"","overlay-color":"","overlay-opacity":"","overlay-gradient":""},"mobile":{"background-color":"","background-image":"","background-repeat":"repeat","background-position":"center center","background-size":"auto","background-attachment":"scroll","background-type":"","background-media":"","overlay-type":"","overlay-color":"","overlay-opacity":"","overlay-gradient":""}},"ast-content-background-meta":{"desktop":{"background-color":"var(--ast-global-color-4)","background-image":"","background-repeat":"repeat","background-position":"center center","background-size":"auto","background-attachment":"scroll","background-type":"","background-media":"","overlay-type":"","overlay-color":"","overlay-opacity":"","overlay-gradient":""},"tablet":{"background-color":"var(--ast-global-color-4)","background-image":"","background-repeat":"repeat","background-position":"center center","background-size":"auto","background-attachment":"scroll","background-type":"","background-media":"","overlay-type":"","overlay-color":"","overlay-opacity":"","overlay-gradient":""},"mobile":{"background-color":"var(--ast-global-color-4)","background-image":"","background-repeat":"repeat","background-position":"center center","background-size":"auto","background-attachment":"scroll","background-type":"","background-media":"","overlay-type":"","overlay-color":"","overlay-opacity":"","overlay-gradient":""}}},"product_brand":[],"product_cat":[29],"product_tag":[],"class_list":{"0":"post-2226","1":"product","2":"type-product","3":"status-publish","4":"has-post-thumbnail","6":"product_cat-thiet-bi-bao-ho-lao-dong","7":"desktop-align-left","8":"tablet-align-left","9":"mobile-align-left","11":"first","12":"instock","13":"shipping-taxable","14":"purchasable","15":"product-type-simple"},"_links":{"self":[{"href":"https:\/\/garant.vn\/index.php?rest_route=\/wp\/v2\/product\/2226","targetHints":{"allow":["GET"]}}],"collection":[{"href":"https:\/\/garant.vn\/index.php?rest_route=\/wp\/v2\/product"}],"about":[{"href":"https:\/\/garant.vn\/index.php?rest_route=\/wp\/v2\/types\/product"}],"replies":[{"embeddable":true,"href":"https:\/\/garant.vn\/index.php?rest_route=%2Fwp%2Fv2%2Fcomments&post=2226"}],"wp:featuredmedia":[{"embeddable":true,"href":"https:\/\/garant.vn\/index.php?rest_route=\/wp\/v2\/media\/2227"}],"wp:attachment":[{"href":"https:\/\/garant.vn\/index.php?rest_route=%2Fwp%2Fv2%2Fmedia&parent=2226"}],"wp:term":[{"taxonomy":"product_brand","embeddable":true,"href":"https:\/\/garant.vn\/index.php?rest_route=%2Fwp%2Fv2%2Fproduct_brand&post=2226"},{"taxonomy":"product_cat","embeddable":true,"href":"https:\/\/garant.vn\/index.php?rest_route=%2Fwp%2Fv2%2Fproduct_cat&post=2226"},{"taxonomy":"product_tag","embeddable":true,"href":"https:\/\/garant.vn\/index.php?rest_route=%2Fwp%2Fv2%2Fproduct_tag&post=2226"}],"curies":[{"name":"wp","href":"https:\/\/api.w.org\/{rel}","templated":true}]}}