{"id":2606,"date":"2025-04-18T14:48:03","date_gmt":"2025-04-18T14:48:03","guid":{"rendered":"https:\/\/garant.vn\/?product=doi-gang-tay"},"modified":"2025-04-18T14:48:03","modified_gmt":"2025-04-18T14:48:03","slug":"doi-gang-tay","status":"publish","type":"product","link":"https:\/\/garant.vn\/?product=doi-gang-tay","title":{"rendered":"\u0110\u00f4i g\u0103ng tay"},"content":{"rendered":"<div style=\"color: #555;\"><b>K\u00edch c\u1ee1 g\u0103ng tay:<\/b> 10<\/div>\n<div style=\"color: #555;\"><b>Phi\u00ean b\u1ea3n:<\/b><\/div>\n<div style=\"color: #555;\">T\u1ea5t c\u1ea3 c\u00e1c b\u1ed9 ph\u1eadn c\u1ea5u th\u00e0nh bao g\u1ed3m v\u1eadt li\u1ec7u n\u1ec1n v\u00e0 l\u1edbp ph\u1ee7 \u0111\u1ec1u kh\u00f4ng ch\u1ee9a silicone (\u0111\u00e3 \u0111\u01b0\u1ee3c ki\u1ec3m nghi\u1ec7m b\u1edfi Vi\u1ec7n Fraunhofer). Do \u0111\u00f3, ch\u00fang l\u00fd t\u01b0\u1edfng \u0111\u1ec3 s\u1eed d\u1ee5ng trong c\u00e1c khu v\u1ef1c v\u1eadn h\u00e0nh trong ng\u00e0nh c\u00f4ng nghi\u1ec7p \u00f4 t\u00f4 ho\u1eb7c c\u00e1c x\u01b0\u1edfng s\u01a1n. G\u0103ng tay \u0111a n\u0103ng kh\u00f4ng ch\u1ee9a silicone cho c\u00e1c \u1ee9ng d\u1ee5ng c\u00f4ng nghi\u1ec7p nh\u1eb9, c\u00f3 kh\u1ea3 n\u0103ng ch\u1ed1ng m\u00e0i m\u00f2n r\u1ea5t cao nh\u01b0ng v\u1eabn c\u00f3 \u0111\u1eb7c t\u00ednh tho\u1ea3i m\u00e1i kh\u00e1c th\u01b0\u1eddng. L\u1edbp n\u1ec1n nylon v\u1edbi c\u00f4ng ngh\u1ec7 d\u1ec7t kim Spandex 15 gauge v\u00e0 l\u1edbp ph\u1ee7 polyurethane b\u1ec1n b\u1ec9.<\/div>\n<div style=\"color: #555;\"><b>Ti\u00eau chu\u1ea9n:<\/b><\/div>\n<div style=\"color: #555;\">EN 388; EN ISO 21420<\/div>\n<div style=\"color: #555;\"><b>L\u01b0u \u00fd:<\/b><\/div>\n<div style=\"color: #555;\">S\u1ed1 l\u01b0\u1ee3ng \u0111\u1eb7t h\u00e0ng t\u1ed1i thi\u1ec3u t\u01b0\u01a1ng \u1ee9ng v\u1edbi m\u1ed9t s\u1ed1 l\u01b0\u1ee3ng \u0111\u01a1n v\u1ecb \u0111\u00f3ng g\u00f3i (VPE) ho\u1eb7c b\u1ed9i s\u1ed1 c\u1ee7a n\u00f3.<\/div>\n<div style=\"color: #555;\"><b>C\u1ea3nh b\u00e1o:<\/b><\/div>\n<div style=\"color: #555;\">S\u1eed d\u1ee5ng theo m\u1ee5c \u0111\u00edch B\u1ea3o v\u1ec7 tay kh\u1ecfi c\u00e1c r\u1ee7i ro c\u01a1 h\u1ecdc, m\u00e0i m\u00f2n, ph\u1ed3ng r\u1ed9p v\u00e0 c\u00e1c t\u1ed5n th\u01b0\u01a1ng b\u1ec1 m\u1eb7t kh\u00e1c. \u0110\u1ec3 l\u00e0m vi\u1ec7c ch\u00ednh x\u00e1c v\u1edbi c\u00e1c ph\u00f4i kh\u00f4. Ch\u1ec9 \u0111\u1ea1t \u0111\u01b0\u1ee3c s\u1ef1 b\u1ea3o v\u1ec7 t\u1ed1i \u01b0u khi khu v\u1ef1c c\u1ea7n b\u1ea3o v\u1ec7 \u0111\u01b0\u1ee3c che ph\u1ee7 ho\u00e0n to\u00e0n. Tr\u01b0\u1eddng h\u1ee3p g\u0103ng tay c\u00f3 d\u00e2y bu\u1ed9c, h\u00e3y ki\u1ec3m tra xem ch\u00fang \u0111\u00e3 \u0111\u01b0\u1ee3c \u0111\u00f3ng ch\u1eb7t ch\u01b0a. Kh\u00f4ng \u0111\u01b0\u1ee3c \u0111\u1ec3 g\u0103ng tay b\u1ea3o v\u1ec7 b\u1ecb tr\u01b0\u1ee3t. Ch\u1ecdn k\u00edch c\u1ee1 g\u0103ng tay ph\u00f9 h\u1ee3p. S\u1eed d\u1ee5ng sai m\u1ee5c \u0111\u00edch c\u00f3 th\u1ec3 th\u1ea5y tr\u01b0\u1edbc G\u0103ng tay kh\u00f4ng b\u1ea3o v\u1ec7 ch\u1ed1ng l\u1ea1i c\u00e1c r\u1ee7i ro h\u00f3a h\u1ecdc, vi sinh, nhi\u1ec7t, \u0111i\u1ec7n ho\u1eb7c r\u00e1ch. Kh\u00f4ng \u0111eo khi \u1edf g\u1ea7n c\u00e1c b\u1ed9 ph\u1eadn m\u00e1y quay. Vi\u1ec7c k\u1ebft h\u1ee3p v\u1edbi c\u00e1c thi\u1ebft b\u1ecb b\u1ea3o v\u1ec7 kh\u00e1c kh\u00f4ng \u0111\u01b0\u1ee3c l\u00e0m gi\u1ea3m hi\u1ec7u qu\u1ea3 b\u1ea3o v\u1ec7 v\u00e0 kh\u00f4ng \u0111\u01b0\u1ee3c c\u1ea3n tr\u1edf ng\u01b0\u1eddi \u0111eo trong c\u00e1c ho\u1ea1t \u0111\u1ed9ng c\u1ee7a h\u1ecd.<\/div>\n<div style=\"color: #555;\"><b>Th\u00f4ng s\u1ed1 k\u1ef9 thu\u1eadt<\/b><\/div>\n<div style=\"color: #555;\">N\u1ed9i dung: 1<\/div>\n<div style=\"color: #555;\">\u0110\u1eb7c t\u00ednh c\u1ee7a g\u0103ng tay: Kh\u00f4ng ch\u1ee9a LABS; Kh\u00f4ng ch\u1ee9a silicone<\/div>\n<div style=\"color: #555;\">EN 388: 3121A<\/div>\n<div style=\"color: #555;\">V\u1eadt li\u1ec7u n\u1ec1n: Nylon<\/div>\n<div style=\"color: #555;\">L\u1edbp ph\u1ee7: PU<\/div>\n<div style=\"color: #555;\">Bi\u1ebfn th\u1ec3 l\u1edbp ph\u1ee7: L\u00f2ng b\u00e0n tay<\/div>\n<div style=\"color: #555;\">Ph\u1ea1m vi \u1ee9ng d\u1ee5ng: \u0110\u1ed9 ch\u00ednh x\u00e1c<\/div>\n<div style=\"color: #555;\">M\u00e0u s\u1eafc: xanh lam \/ cam<\/div>\n<div style=\"color: #555;\">K\u00edch c\u1ee1 g\u0103ng tay: 10<\/div>\n<div style=\"color: #555;\">C\u00f4ng ngh\u1ec7 d\u1ec7t kim: 15G<\/div>\n<div style=\"color: #555;\">\u1ee8ng d\u1ee5ng: c\u00f3 th\u1ec3 t\u00e1i s\u1eed d\u1ee5ng<\/div>\n<div style=\"color: #555;\">Lo\u1ea1i b\u1ea3o v\u1ec7: Lo\u1ea1i II<\/div>\n<div style=\"color: #555;\">Lo\u1ea1i g\u0103ng tay: G\u0103ng tay \u0111a n\u0103ng<\/div>\n<div style=\"color: #555;\">C\u1ea5p \u0111\u1ed9 b\u1ea3o v\u1ec7 c\u1eaft: X<\/div>\n<div style=\"color: #555;\">Lo\u1ea1i s\u1ea3n ph\u1ea9m: G\u0103ng tay \u0111a n\u0103ng<\/div>\n<div style=\"color: #555;\">M\u00e3 s\u1ed1 s\u1ea3n ph\u1ea9m: 094325 10<\/div>\n<div style=\"color: #555;\">EAN \/ GTIN: 4062406131074<\/div>\n<div style=\"color: #555;\">M\u00e3 s\u1ed1 nh\u00e0 s\u1ea3n xu\u1ea5t: 094325 10<\/div>\n<div style=\"color: #555;\">Nh\u00e0 s\u1ea3n xu\u1ea5t: Hoffmann Supply Chain GmbH &#038; Co. KG, Poststra\u00dfe 15, 90471 N\u00fcrnberg, Germany, www.hoffmann-group.com<\/div>\n<p><strong>\ud83d\udcc4 Datasheet:<\/strong> <iframe src=\"https:\/\/cdn.hoffmann-group.com\/dsh\/en-GB\/dsh_en-gb_1047690.pdf\" width=\"100%\" height=\"600px\" style=\"border:1px solid #ccc;\"><\/iframe><\/p>\n","protected":false},"excerpt":{"rendered":"<p>K\u00edch c\u1ee1 g\u0103ng tay: 10 Phi\u00ean b\u1ea3n: T\u1ea5t c\u1ea3 c\u00e1c b\u1ed9 ph\u1eadn c\u1ea5u th\u00e0nh bao g\u1ed3m v\u1eadt li\u1ec7u n\u1ec1n v\u00e0 [&hellip;]<\/p>\n","protected":false},"featured_media":2608,"comment_status":"open","ping_status":"closed","template":"","meta":{"site-sidebar-layout":"default","site-content-layout":"","ast-site-content-layout":"","site-content-style":"default","site-sidebar-style":"default","ast-global-header-display":"","ast-banner-title-visibility":"","ast-main-header-display":"","ast-hfb-above-header-display":"","ast-hfb-below-header-display":"","ast-hfb-mobile-header-display":"","site-post-title":"","ast-breadcrumbs-content":"","ast-featured-img":"","footer-sml-layout":"","theme-transparent-header-meta":"","adv-header-id-meta":"","stick-header-meta":"","header-above-stick-meta":"","header-main-stick-meta":"","header-below-stick-meta":"","astra-migrate-meta-layouts":"default","ast-page-background-enabled":"default","ast-page-background-meta":{"desktop":{"background-color":"var(--ast-global-color-5)","background-image":"","background-repeat":"repeat","background-position":"center center","background-size":"auto","background-attachment":"scroll","background-type":"","background-media":"","overlay-type":"","overlay-color":"","overlay-opacity":"","overlay-gradient":""},"tablet":{"background-color":"","background-image":"","background-repeat":"repeat","background-position":"center center","background-size":"auto","background-attachment":"scroll","background-type":"","background-media":"","overlay-type":"","overlay-color":"","overlay-opacity":"","overlay-gradient":""},"mobile":{"background-color":"","background-image":"","background-repeat":"repeat","background-position":"center center","background-size":"auto","background-attachment":"scroll","background-type":"","background-media":"","overlay-type":"","overlay-color":"","overlay-opacity":"","overlay-gradient":""}},"ast-content-background-meta":{"desktop":{"background-color":"var(--ast-global-color-4)","background-image":"","background-repeat":"repeat","background-position":"center center","background-size":"auto","background-attachment":"scroll","background-type":"","background-media":"","overlay-type":"","overlay-color":"","overlay-opacity":"","overlay-gradient":""},"tablet":{"background-color":"var(--ast-global-color-4)","background-image":"","background-repeat":"repeat","background-position":"center center","background-size":"auto","background-attachment":"scroll","background-type":"","background-media":"","overlay-type":"","overlay-color":"","overlay-opacity":"","overlay-gradient":""},"mobile":{"background-color":"var(--ast-global-color-4)","background-image":"","background-repeat":"repeat","background-position":"center center","background-size":"auto","background-attachment":"scroll","background-type":"","background-media":"","overlay-type":"","overlay-color":"","overlay-opacity":"","overlay-gradient":""}}},"product_brand":[],"product_cat":[29],"product_tag":[],"class_list":{"0":"post-2606","1":"product","2":"type-product","3":"status-publish","4":"has-post-thumbnail","6":"product_cat-thiet-bi-bao-ho-lao-dong","7":"desktop-align-left","8":"tablet-align-left","9":"mobile-align-left","11":"first","12":"instock","13":"shipping-taxable","14":"purchasable","15":"product-type-simple"},"_links":{"self":[{"href":"https:\/\/garant.vn\/index.php?rest_route=\/wp\/v2\/product\/2606","targetHints":{"allow":["GET"]}}],"collection":[{"href":"https:\/\/garant.vn\/index.php?rest_route=\/wp\/v2\/product"}],"about":[{"href":"https:\/\/garant.vn\/index.php?rest_route=\/wp\/v2\/types\/product"}],"replies":[{"embeddable":true,"href":"https:\/\/garant.vn\/index.php?rest_route=%2Fwp%2Fv2%2Fcomments&post=2606"}],"wp:featuredmedia":[{"embeddable":true,"href":"https:\/\/garant.vn\/index.php?rest_route=\/wp\/v2\/media\/2608"}],"wp:attachment":[{"href":"https:\/\/garant.vn\/index.php?rest_route=%2Fwp%2Fv2%2Fmedia&parent=2606"}],"wp:term":[{"taxonomy":"product_brand","embeddable":true,"href":"https:\/\/garant.vn\/index.php?rest_route=%2Fwp%2Fv2%2Fproduct_brand&post=2606"},{"taxonomy":"product_cat","embeddable":true,"href":"https:\/\/garant.vn\/index.php?rest_route=%2Fwp%2Fv2%2Fproduct_cat&post=2606"},{"taxonomy":"product_tag","embeddable":true,"href":"https:\/\/garant.vn\/index.php?rest_route=%2Fwp%2Fv2%2Fproduct_tag&post=2606"}],"curies":[{"name":"wp","href":"https:\/\/api.w.org\/{rel}","templated":true}]}}